factor of 1089181710?
True
Is 8 a factor of 53660968?
True
Is 1011624133 a multiple of 13?
True
Is 234418452 a multiple of 6?
True
Is 6766358 a multiple of 2?
True
Does 9 divide 19497044?
False
Is 25993418 a multiple of 1049?
False
Is 13 a factor of 38223442?
False
Is 45 a factor of 3129975?
True
Is 486038 a multiple of 14?
True
Is 8 a factor of 173459664?
True
Is 1959 a factor of 173929815?
True
Is 14038596 a multiple of 324?
True
Is 35 a factor of 100250663?
False
Is 357890413 a multiple of 975?
False
Is 371291118 a multiple of 5423?
True
Does 1077 divide 1005252827?
False
Is 1175655002 a multiple of 10922?
True
Is 765 a factor of 310593060?
True
Does 313 divide 723274056?
False
Is 806289113 a multiple of 74?
False
Is 281561651 a multiple of 21?
False
Is 6 a factor of 3258564?
True
Is 316725145 a multiple of 11?
True
Does 52 divide 42438188?
True
Is 25 a factor of 609815333?
False
Does 1828 divide 248309812?
False
Is 28 a factor of 31478098?
False
Does 145 divide 90274403?
False
Is 77867686 a multiple of 778?
True
Does 6091 divide 199455886?
True
Is 52628904 a multiple of 516?
True
Is 1253 a factor of 565446322?
True
Does 28 divide 52663502?
False
Is 9437689 a multiple of 63?
False
Does 804 divide 685258317?
False
Is 14550120 a multiple of 234?
True
Is 12 a factor of 35738224?
False
Is 68521410 a multiple of 1446?
False
Is 267574784 a multiple of 128?
True
Does 3 divide 18226665?
True
Is 515 a factor of 124274306?
False
Is 258987828 a multiple of 132?
True
Does 658 divide 3282019776?
True
Is 924798 a multiple of 97?
True
Is 835 a factor of 62686736?
False
Is 27 a factor of 442488069?
True
Does 23 divide 13121960?
True
Is 231071274 a multiple of 60?
False
Is 36980060 a multiple of 65?
True
Is 1013743903 a multiple of 745?
False
Does 9 divide 150673257?
True
Does 79 divide 246865204?
True
Is 107587213 a multiple of 208?
False
Is 1138111735 a multiple of 11970?
False
Does 8 divide 35379648?
True
Is 93 a factor of 689768824?
False
Is 4586 a factor of 186489690?
True
Is 1255330593 a multiple of 11?
True
Is 915561509 a multiple of 175?
False
Is 184 a factor of 7177822?
False
Is 796402378 a multiple of 114?
False
Is 205 a factor of 39850428?
False
Is 89578162 a multiple of 263?
False
Is 40 a factor of 26809760?
True
Does 177 divide 42461102?
False
Is 7 a factor of 719848801?
True
Is 15184 a factor of 6662858447?
False
Is 162 a factor of 467189532?
True
Is 2 a factor of 1401573?
False
Is 27369333 a multiple of 27?
True
Is 210943656 a multiple of 1386?
True
Is 617850626 a multiple of 4379?
True
Is 13 a factor of 837624058?
False
Is 66830255 a multiple of 105?
False
Is 314 a factor of 298621947?
False
Does 2513 divide 29364405?
True
Is 234515010 a multiple of 6?
True
Does 136 divide 849468372?
False
Is 10 a factor of 121196483?
False
Does 4332 divide 1830509592?
False
Is 162410681 a multiple of 1945?
False
Is 148951725 a multiple of 673?
True
Is 79 a factor of 300284530?
True
Is 1479 a factor of 138314471?
False
Is 40946628 a multiple of 266?
False
Is 27882400 a multiple of 2080?
True
Does 106 divide 2128374?
True
Does 15 divide 2071052730?
True
Is 375 a factor of 22655475?
False
Is 32985169 a multiple of 7?
True
Is 180 a factor of 74905380?
True
Is 51 a factor of 12818697?
True
Is 6 a factor of 44333448?
True
Does 29 divide 255876468?
False
Does 5286 divide 83608662?
True
Is 1384691 a multiple of 13?
False
Is 1869037 a multiple of 9?
False
Does 42 divide 11535090?
True
Does 431 divide 132829459?
True
Does 83 divide 86325325?
False
Is 2024516860 a multiple of 5228?
True
Does 1559 divide 29218778?
True
Is 14 a factor of 13731340?
True
Is 18 a factor of 7772202?
True
Is 45477125 a multiple of 168?
False
Is 152 a factor of 29432368?
True
Is 1878 a factor of 17448498?
True
Is 62368117 a multiple of 88?
False
Is 934771075 a multiple of 992?
False
Is 1254 a factor of 27704622?
True
Does 506 divide 137401264?
True
Is 153737497 a multiple of 2407?
True
Is 659714 even?
True
Does 1667 divide 12104087?
True
Is 154834292 a multiple of 1402?
False
Does 830 divide 11876207?
False
Is 514 a factor of 2488425630?
True
Is 101 a factor of 1501530236?
True
Does 12 divide 808375953?
False
Is 131617582 a multiple of 10?
False
Is 14 a factor of 3337552036?
True
Is 27 a factor of 223620804?
True
Does 141 divide 571194384?
True
Is 150220532 a multiple of 1414?
True
Is 11 a factor of 2617799486?
False
Is 12708133 even?
False
Is 1546 a factor of 750471688?
True
Is 1159030325 a multiple of 53?
False
Is 728 a factor of 121586192?
True
Does 26 divide 10659856?
False
Does 5908 divide 786893246?
False
Is 44895896 a multiple of 22?
False
Does 1354 divide 1559740300?
True
Is 24272748 a multiple of 36?
True
Does 532 divide 4440480475?
False
Is 155 a factor of 62421445?
True
Does 49 divide 3655302?
True
Is 172 a factor of 1412396748?
True
Is 6067858 a multiple of 50?
False
Does 4438 divide 637913682?
True
Is 11222475 a multiple of 1525?
True
Is 88 a factor of 96772193?
False
Does 2 divide 38829702?
True
Is 6 a factor of 2218977180?
True
Does 7 divide 576033?
False
Does 284 divide 126217105?
False
Is 168 a factor of 1445328024?
True
Is 14 a factor of 751033024?
True
Is 2 a factor of 7470665?
False
Is 1092295403 a multiple of 113?
True
Is 103 a factor of 2056498?
True
Does 17 divide 27723888?
False
Is 2 a factor of 24470367?
False
Is 950 a factor of 26955300?
True
Is 2028441444 a multiple of 19?
True
Does 57 divide 1701215084?
False
Is 623249444 a multiple of 5917?
True
Is 25 a factor of 252950079?
False
Is 269 a factor of 42919488?
True
Is 306 a factor of 3556123920?
True
Is 20 a factor of 19418045?
False
Does 3951 divide 87257146?
False
Does 87 divide 454624992?
False
Is 20 a factor of 95231379?
False
Is 14274963 a multiple of 3613?
True
Is 8 a factor of 6846303?
False
Is 981837 a multiple of 859?
True
Is 1762568150 a multiple of 1090?
True
Is 40060210 a multiple of 4?
False
Does 13679 divide 3369297537?
False
Does 2 divide 31349361?
False
Is 4 a factor of 5511523?
False
Does 2383 divide 87124863?
True
Is 741 a factor of 9013524?
True
Does 10375 divide 503343125?
True
Is 8018722 a multiple of 2371?
True
Does 310 divide 52829270?
True
Is 1751643407 a multiple of 23?
True
Is 1167 a factor of 92980725?
True
Is 54746733 a multiple of 57?
True
Does 15 divide 832433430?
True
Is 12 a factor of 793845?
False
Is 1144545274 a multiple of 23?
True
Does 7835 divide 1006137577?
False
Is 271 a factor of 33189099?
True
Is 9 a factor of 3091566348?
True
Is 15115954 a multiple of 1134?
False
Does 199 divide 159078786?
False
Is 1459473971 a multiple of 60?
False
Does 29 divide 582998702?
False
Is 40 a factor of 531870000?
True
Is 1619408945 a multiple of 605?
True
Is 70 a factor of 93048480?
True
Is 35 a factor of 232465826?
False
Does 3 divide 2016815380?
False
Is 55679012 a multiple of 173?
True
Is 632 a factor of 80115541?
False
Is 1890338925 a multiple of 155?
True
Is 271 a factor of 32494435?
False
Does 628 divide 6738084?
False
Is 106 a factor of 10242462?
True
Is 20 a factor of 292706788?
False
Does 65 divide 22811425?
True
Does 1138 divide 58523926?
True
Does 286 divide 4623476?
True
Is 70720133 a multiple of 180?
False
Is 106494950 a multiple of 1143?
False
Is 244534444 a multiple of 22?
True
Does 562 divide 677895078?
True
Is 384 a factor of 226107264?
True
Does 1656 divide 98910292?
False
Is 25686518 a multiple of 1793?
True
Is 13998707 a multiple of 656?
False
Does 273 divide 18047483?
False
Is 245 a factor of 604820971?
False
Does 5 divide 70587173?
False
Is 40 a factor of 207865880?
True
Is 174 a factor of 4018405385?
False
Is 969339730 a multiple of 39?
False
Does 5154 divide 1320702192?
True
Is 4 a factor of 508719252?
True
Is 684 a factor of 160781724?
True
Is 327397600 a multiple of 40?
True
Is 208182051 a multiple of 20?
False
Is 7 a factor of 15088531?
False
Is 438563534 a multiple of 83?
True
Is 23 a factor of 339199?
False
Is 125 a factor of 346305496?
False
Does 40 divide 20544262?
False
Does 111 divide 1879119000?
True
Is 109 a factor of 15258801?
True
Is 2 a factor of 169721615?
False
Is 14202115 a multiple of 33?
False
Is 693498550 a multiple of 226?
False
Is 13 a factor of 5470101?
True
Is 152 a factor of 26438120?
True
Is 31 a factor of 294559055?
True
Does 1201 divide 47